t of s?
1
Suppose -6*n - 149 = -395. Suppose 8*m = 7 + n. Suppose -174 = -m*b + 288. What is the tens digit of b?
7
Let k = -3597 + 9540. What is the hundreds digit of k?
9
Suppose 0 = -432*p + 441*p - 294156. What is the ten thousands digit of p?
3
Let t(a) be the first derivative of a**5/120 + 25*a**4/24 - 5*a**3/3 + 15. Let x(d) be the third derivative of t(d). What is the units digit of x(-9)?
6
Suppose -5*k = -2*k - 2*s - 371, -4*k + 2*s + 498 = 0. Let p = k - -15. Suppose 15*l = 14*l + p. What is the hundreds digit of l?
1
Suppose -2*p + 14 - 10 = 0. Suppose -4*i + 0*i + 20 = 0, -3*r - p*i = -10. What is the units digit of 206 + r*(1 + (-1)/2)?
6
Suppose -2*y = t + 192, -4*t + 3*y = -2*y + 768. Let h = t - -202. What is the units digit of h?
0
Suppose y - 631962 = -82*y. What is the hundreds digit of y?
6
Let l = 21213 + -13997. What is the units digit of l?
6
Let g(y) = 59*y**2 - 59*y + 426. What is the hundreds digit of g(8)?
7
Let x(o) be the third derivative of 0 + 1/3*o**4 + 0*o - 1/20*o**5 + 1/2*o**3 - 1/120*o**6 + 12*o**2. What is the units digit of x(-8)?
9
Let j = 77064 + -15495. Suppose 55*g - 6686 = j. What is the units digit of g?
1
Suppose 5*s - 8139 = -n, -3 = -61*s + 62*s. What is the thousands digit of n?
8
Suppose 0 = -5*a - 4*b + 2100, 0*a - a + 420 = -2*b. Let l = -103 - -394. Let c = a - l. What is the tens digit of c?
2
Suppose 244399 + 90065 = 96*i. What is the units digit of i?
4
Suppose -5*s - 565 = -2*u - 3*u, 3*u + 3 = 0. Let o = -720 + 455. Let j = s - o. What is the units digit of j?
1
Let f = -109 + 113. What is the units digit of f + (1*1460)/5?
6
Let t(f) = -2*f**3 - 3*f**2 + 6*f + 79. What is the hundreds digit of t(-14)?
8
Let f(i) = i**2 + 3*i - 10. Let m be f(18). Suppose -41*o + 40*o = -m. What is the hundreds digit of o?
3
Let k(n) = -5*n - 27. Let i = 169 - 176. What is the units digit of k(i)?
8
Let l(i) = -4*i**2 + 29*i - 39. Let k(f) = 4*f**2 - 33*f + 40. Let h(a) = -4*k(a) - 5*l(a). What is the units digit of h(5)?
0
Let v = 232 - -63. Let d = v + 41. What is the hundreds digit of d?
3
Suppose -59 = -15*c + 136. What is the units digit of 0 + c/(26/684)?
2
Suppose j - 3*s - 28 = -4, j - s - 20 = 0. Suppose 0 = 10*b - b - j. What is the units digit of 1/(86/(-44) + b)?
2
Let y(j) = -j**2 - 15*j - 8. Let l be y(-14). Suppose 0 = -2*h + l*h + n - 964, -5*h + 2*n = -1205. What is the hundreds digit of h?
2
Let x be 306 - (0 - (-28)/7). Suppose x = v - m - m, -4*m + 620 = 2*v. What is the tens digit of v?
0
Let v be 197*(-3 - -1)*11/(-22). Let r = 44 - v. What is the tens digit of (-3)/((-609)/r + -4)?
5
Let r be -1 + 9 + (-28)/14. Let y(h) = 19*h - 9*h - 7*h - 7*h + r*h**2 + 4. What is the tens digit of y(2)?
2
Let i = 691 - 896. Let j be ((-38)/8)/((-2)/152). Let m = i + j. What is the tens digit of m?
5
Let f be (-1227)/((-110)/33 + (-1)/(-3)). Let t = f + -269. What is the hundreds digit of t?
1
Let o be -4*1/14*-14. Suppose -o*m + 432 = 4*n, -3*n + 288 - 71 = 2*m. Let k = -46 + m. What is the units digit of k?
1
Let g(i) = i**3 - 5*i**2 - 18*i + 7. Let w be g(7). What is the units digit of (7/w + (-967)/(-3))/1?
2
Suppose -5*y - 53 = -203. What is the tens digit of ((-630)/(-12))/(3/y)?
2
Suppose 61*k = 59*k - 3*v + 17672, -4*k + 2*v + 35360 = 0. What is the units digit of k?
9
Let i(j) = 513*j**2 + 7*j + 4. What is the tens digit of i(-5)?
9
Suppose 0 = 5*v + 166 - 186. What is the units digit of v/4 - (-87 + 12)?
6
Let b(y) = 2*y**3 - 27*y**2 - 3*y + 7. Let u be b(14). Suppose 9*a = 19 + u. What is the units digit of a?
0
Let u(h) = h**3 + 3*h**2 - 12*h. Let o be u(-5). Suppose -o + 85 = 3*s. Let r = s + 10. What is the units digit of r?
5
Let a(f) = f**3 + 12*f**2 + 2*f + 8. Let t be a(-5). What is the units digit of (t + 4)/((-7)/(-14))?
4
Let u = 6166 + 5770. What is the ten thousands digit of u?
1
Let c = -558 + 243. Let u(i) = 59*i - 365. Let h be u(3). Let n = h - c. What is the units digit of n?
7
Suppose 12*l - 9*l + 2*j = -1032, -2*l - 688 = -3*j. What is the hundreds digit of 1/4 - 87978/l?
2
Suppose 21 = 47*h - 40*h. Let d(r) = 2 - 7*r - 4*r**3 + h*r**2 + 14*r - 4*r**3 + 0*r**3. What is the hundreds digit of d(-3)?
2
Let d(l) = 183*l + 19. Let z(o) = 7*o + 72. Let v be z(-10). What is the hundreds digit of d(v)?
3
Suppose 0 = -13*s + 38004 + 207930. What is the thousands digit of s?
8
What is the thousands digit of 56/(17 - 71286/4194)?
9
What is the thousands digit of ((-3)/(105/701386))/(((-6)/(-15))/(-1))?
0
Let o(g) = 3*g**2 - 78*g + 6. Let k be o(26). What is the tens digit of -12*(-585)/(-104)*(-44)/k?
9
Let n(c) = 180*c**2 - 16*c - 15. What is the units digit of n(5)?
5
Let a(j) = -j**2 + 5*j - 3. Let o be a(4). Let b = -234 + 361. Suppose d = -o, 2*d + b = 5*w - 115. What is the tens digit of w?
4
Let f be (15/(-10) - 2)*(-8)/14. Suppose f*k - 680 = -6*k. Let x = 216 - k. What is the units digit of x?
1
Let i(b) be the second derivative of 3*b**4/4 + 5*b**3/3 - 3*b**2/2 + 32*b. What is the units digit of i(-7)?
8
What is the thousands digit of (-39512)/(-7) - 6*(-3)/42?
5
Let a(y) = -4*y**2 + 16*y + 55. Let i be a(17). Let k = 1415 + i. What is the tens digit of k?
8
Let z = 158 - 155. Suppose 5*v = 5*j - 2495, -z*j - 5*v + 828 = -677. What is the tens digit of j?
0
Let o(h) = -3*h**2 + 236*h + 339. What is the units digit of o(80)?
9
Suppose -121 = -h + 2*y - 16, -2*h = -3*y - 209. Let z = -103 + h. Suppose z = -7*a + 6*a + 46. What is the units digit of a?
6
Let z(h) = 4*h - 2. Let v be z(1). Suppose 0 = v*y - 323 - 241. What is the units digit of y?
2
Let o = 182 + -178. Suppose -3*c - 2646 = -o*h, -5*h + h - 5*c + 2630 = 0. What is the hundreds digit of h?
6
Suppose j = -4*j + 25. Let y = 2477 + -2323. Suppose -c = 2*a - j*c - y, -c - 3 = 0. What is the tens digit of a?
7
Let v(h) = h**3 + 5*h**2 + 2*h + 1. Let w be v(-2). Let l(a) = 1 - 3 - 1 + w*a**2 + 9 + 8*a. What is the tens digit of l(-5)?
9
Let o = 36 + -30. Suppose -o - 6 = 3*u, -m + 5*u = -24. What is the units digit of m?
4
Suppose 0 = -10*g + 11*g - 3. Let d(a) = a**2 - 3*a**3 - 8*a + 6*a + 13*a**g - 2. What is the units digit of d(2)?
8
Let o be (-6)/(-3) + 0 + 4. Suppose 5*s + 11 = o. What is the tens digit of 1/(1/((-65)/s))?
6
Suppose 1018613 - 127271 = 23*l. What is the ten thousands digit of l?
3
Suppose n = -4*a - 0*n + 81, -38 = -2*a + 2*n. Suppose -a*g + 369 = -17*g. What is the tens digit of (-22)/(-55) - g/(-5)?
2
Let s(n) = 5*n - 216. Let q(m) = -25*m + 1079. Let t(y) = -2*q(y) - 11*s(y). Let j be t(0). Suppose -j = -4*a + 118. What is the units digit of a?
4
Let p(j) = -22*j + 61. Let n be (186/155)/(2/(-25)). What is the tens digit of p(n)?
9
Let h = -1105 + 2489. What is the hundreds digit of h?
3
Let d be 5/((-10)/3) - (-143)/22. Suppose -d*a + 7*a = 386. What is the tens digit of a?
9
Suppose 20*r - 25*r = 15. Let b(i) = 20*i**2 + 7*i + 27. What is the units digit of b(r)?
6
Let z = -39 - -41. Suppose 0 = 3*i + 4*a - z*a - 589, 414 = 2*i - 4*a. What is the hundreds digit of i?
1
What is the units digit of 483 - 12*(8 + 15/(-2))?
7
Let b = 6759 - 3974. What is the units digit of b?
5
Suppose -l + 24 = -5*f + 3, -3*f = 5*l + 7. Let u be (20/8*-110)/l. Let o = -159 - u. What is the units digit of o?
6
Let n(m) = -5*m - 101. Let l be n(-22). Suppose -3*j + 3*k = -315, -l*j + 5*j + 447 = 5*k. What is the tens digit of j?
0
Suppose 41*j = -5*d + 36*j + 360620, -5*d - j + 360600 = 0. What is the thousands digit of d?
2
Suppose -4*z + 12 = 240. Let d = z - -98. What is the units digit of d?
1
Let f(g) be the second derivative of -34*g**3/3 + 9*g**2 + 2*g - 15. What is the hundreds digit of f(-4)?
2
Suppose -9760 = -3*c - 4*b, -c + 2*c + 3*b = 3250. Suppose -46*r + 25566 = c. What is the tens digit of r?
8
Let a(q) = 8*q - 18. Let b(d) = -32*d + 73. Let o(r) = 9*a(r) + 2*b(r). Let l = 221 + -209. What is the units digit of o(l)?
0
Let g be 6*(-2 - ((-5404)/8 + -1)). Suppose 6*q + 933 = g. What is the hundreds digit of q?
5
Let g be 2/12 + (-93)/18 + 2. Let u be (3/(-2))/g*8. What is the tens digit of -4 + (-3)/(u/132*-1)?
9
Let x(v) = v**2 - 20*v + 47. Let q(y) = 2*y**2 + y - 1. Let m(t) = 4*q(t) + x(t). What is the tens digit of m(5)?
8
Let s(y) = 144*y**2 - 296. What is the tens digit of s(9)?
6
